y). Determine w(6).
13
Let i(t) be the first derivative of 3 + 1/4*t**4 + 4/3*t**3 - 7/2*t**2 - 4*t. Let y be (-5)/2*(2 - 0). Give i(y).
6
Let n(i) = -i + 1. Let f = 37 - 23. Let g = f - 15. Calculate n(g).
2
Let q(x) = -7*x**2 + 0*x**3 + 10*x - 12*x + 4*x**3 - 3*x**3 + 7. What is q(7)?
-7
Let j(l) = 1 - 4*l**2 - 3 - 5*l + 6 + 3*l**2. Give j(3).
-20
Let x(r) = 7*r**2 + r - 6. Let o(t) = 15*t**2 + 2*t - 13. Let v(y) = -y + 3. Let i be v(-3). Let a(h) = i*o(h) - 13*x(h). Determine a(0).
0
Let s(u) = -4 - 2 + 5 - 2*u**3. Calculate s(-1).
1
Let g(b) = -5*b**3 + b. Suppose 4*y - 31 = -5*v + 26, 4*v - 4*y - 60 = 0. Suppose 0*p - v = 2*c - 3*p, 3*p - 11 = 4*c. Suppose -3*i + 2 = -c. Calculate g(i).
-4
Let v(f) = -f - 5. Let d = -26 - -19. Calculate v(d).
2
Let z(d) = -2*d**3 - 6*d**2 + 7*d + 2. Let v(c) = 5*c**3 + 18*c**2 - 20*c - 5. Let n(i) = -3*v(i) - 8*z(i). Determine n(5).
-6
Let o(j) = -j**3 - 6*j**2 - 5*j + 3. Let n be o(-5). Suppose p = -n*p. Let g(h) = -h + 5. Let d be g(p). Let s(z) = -z**3 + 6*z**2 - 3*z - 7. Give s(d).
3
Suppose -4*w - w - 20 = 0. Let m(o) = -2*o**2 - 5 - 7*o**2 + 10*o**2 + o. Determine m(w).
7
Let r(i) be the first derivative of -i**4/4 - 8*i**3/3 - i**2 - 8*i - 4. What is r(-8)?
8
Let u(f) = -f**2 + f - 1. Let h(v) = 3*v**2 - 1. Let b be h(1). Suppose 0 = -t + b*t - 2. Give u(t).
-3
Let i(o) = o**2 - 7*o + 6. Let n = 1 + 5. What is i(n)?
0
Let d(y) be the third derivative of y**5/60 + y**4/8 - y**3 + 46*y**2. Determine d(-5).
4
Let i(s) = -s**2 + 12*s - 11. Let p be i(11). Suppose 6*m - 8 = 2*m. Let v(h) = h**2 + 0*h + p*h**m + 2*h + 1. Determine v(-3).
4
Let d(m) = -3*m - 3. Let b = -2 + -1. What is d(b)?
6
Let c(f) = 3 + 1 + 0*f + 2*f. Let q be c(-3). Let x(o) = 1. Let w(h) = -2*h - 5. Let a(u) = w(u) + 6*x(u). What is a(q)?
5
Let p(u) = 8*u + 2 - 2*u - 2*u + u**2. Suppose -5*r = -2*k - 4, -2*k - 7 = r - 5*k. Suppose 4*q + r = -14. Give p(q).
2
Let s(o) = 5*o**3 - 2*o**2 + 2*o - 1. Let k be -6*(14/6 - 3). Suppose a + k*y = 7 + 10, -16 = -4*a - 3*y. Calculate s(a).
4
Let d(b) be the second derivative of b**6/120 + 7*b**5/60 + b**4/3 + 2*b**3/3 + b**2/2 - 3*b. Let r(x) be the first derivative of d(x). Calculate r(-6).
-8
Let y(h) = -h**2 + 4*h - 5. Let l = 58 - 54. What is y(l)?
-5
Let x be (4/(-12))/((-2)/18). Suppose x + 6 = 2*d + a, -a = -5. Let b(p) = -3*p**3 - 2*p**2 + 2*p**2 - 3*p**2 + p**d - p. What is b(-1)?
2
Let u(h) be the first derivative of -h**3/3 - h**2/2 - h + 12. Let y be -3*(8/(-3) + 3). What is u(y)?
-1
Suppose -4*m - 84 = -5*t, 4*m + 35 + 17 = 3*t. Let c(a) = a**3 - 15*a**2 - 17*a + 12. Let i be c(t). Let q(o) = -o**3 - 4*o**2 - 2*o - 2. What is q(i)?
6
Let g(i) = i**3 - 3*i**2 + i + 1. Let u be g(3). Let q = 7 - 4. Let k(c) = -4 - u*c**2 + c**q + 2 + 3*c**2. Calculate k(0).
-2
Suppose -2*t - 3 = t. Let x = -6 - -8. Let r = t + x. Let m(o) = 3*o**2 - 2*o + 1. Give m(r).
2
Let t be 52/12 + (-12)/(-18). Let y(w) = -3*w + 3. Give y(t).
-12
Let s = -4 + 3. Let i = s - 0. Let k(r) = 1 - r + 12*r - 6*r. Give k(i).
-4
Let c(p) = -5*p**2 - 2*p + 1. Suppose -2*f - 24 = 5*z - 3*f, 8 = 2*f. Let v(k) = 3*k. Let y be v(-1). Let q = y - z. Determine c(q).
-6
Let o(s) = -s**2 + 2*s + 3. Suppose 2*z - 3*t - 24 = 0, -1 - 5 = z + 3*t. Suppose z*n + 2 = 5*n. Determine o(n).
-5
Let f(a) = 0 - 1 - 19*a**2 + 37*a**2. What is f(1)?
17
Let k be (-182)/(-49) - 4/(-14). Let l(z) be the third derivative of 1/120*z**6 + 0*z + 2*z**2 + 1/8*z**k + 0 - 5/6*z**3 + 1/10*z**5. Give l(-5).
5
Let c(w) = -22 + 0*w**2 + w**2 - w + 17. Let i be (-3)/6 + 45/10. Determine c(i).
7
Let k(o) = -2*o + 3. Let z(w) = w + 9. Suppose -16 - 1 = 3*n - 4*q, -3 = n - 4*q. Let t be z(n). Determine k(t).
-1
Let g(q) = -2*q + 7. Suppose 3*o + 2*n - 11 = 0, 2*o - 20 = 2*n + 3*n. Give g(o).
-3
Let h(q) = q**3 - 2*q**2 - 5*q - 3. Let d(o) = -o**3 + 4*o**2 + 6*o - 1. Suppose 6*u + 25 = 3*t + 4*u, -u = 5. Let r be d(t). Give h(r).
9
Let a = 2 + -1. Let p be -2 + (-5 + 2 - a). Let o(x) = -x**3 - 7*x**2 - 6*x + 1. Let s be o(p). Let d(m) = 4*m**2 + m - 1. Calculate d(s).
4
Let i(x) = -7*x**2 + x + 4. Let j(r) = -6*r**2 + 2*r + 3. Let a(z) = 4*i(z) - 5*j(z). Give a(4).
9
Let u(k) = 5*k + 5. Let r(y) = y + 1. Let o(c) = -6*r(c) + u(c). What is o(-5)?
4
Let a(t) = -13*t + 11. Let x(f) = -7*f + 6. Let o(c) = 4*a(c) - 7*x(c). Give o(2).
-4
Let y(q) be the third derivative of q**4/24 - 5*q**3/6 - q**2. Give y(3).
-2
Let q be (-35)/4 + (-2)/8. Let j be (-88)/9 - (-2)/q. Let x = -15 - j. Let n(m) = m**3 + 4*m**2 - 7*m - 2. Give n(x).
8
Suppose 20 = -4*h - i, -24 = 2*h - i + 5*i. Let k(w) = 8*w**3 - 7*w**2 + w + 1. Let n(z) = -19*z**3 + 15*z**2 - 2*z - 2. Let x(q) = -7*k(q) - 3*n(q). Give x(h).
3
Let b(o) be the third derivative of o**6/40 + o**3/6 - o**2. Let k(q) = -q**2 + 7*q - 6. Let j be k(5). Suppose 5*c - j = 1. What is b(c)?
4
Let x = -9 - -13. Suppose z + 3*z - x = 0. Let o(q) = -q. Let y(m) = -4*m - 5. Let p(r) = z*y(r) - 3*o(r). Give p(0).
-5
Let w(f) = 13*f - 5. Let g(s) = 20*s - 7. Let d(i) = -5*g(i) + 8*w(i). What is d(4)?
11
Let y be (-6)/(-33) + 175/(-55). Let c(b) be the first derivative of -b**3/3 - b**2 - 4*b - 1. What is c(y)?
-7
Let t(x) = -2*x + 5. Let s(d) = d - 1. Let i(c) = 9*c - 13. Let b(n) = i(n) - 4*s(n). Let j(p) = -4*b(p) - 7*t(p). Calculate j(-1).
7
Let k(r) = -3*r - 11. Let s be (-2 - 2) + 4*(-3)/3. Give k(s).
13
Let m(q) = 2*q - 8*q - q**3 - 3 + 4*q. What is m(-2)?
9
Let g(k) be the first derivative of -7*k**6/120 - k**5/30 - k**4/24 - k**2/2 + 2. Let h(v) be the second derivative of g(v). Give h(-1).
6
Let g(t) be the third derivative of -t**4/8 - 2*t**3/3 + 4*t**2. Let c = -26 + 23. Calculate g(c).
5
Let h(j) = -j**2 + 19*j + 19. Let y be h(20). Let m(g) = 4*g**3 - g**2 + g + 1. What is m(y)?
-5
Let q(s) = 2*s + 2*s - 3*s + s + 1. Suppose 4*y - 8 = 0, -2*y = -0*l + 5*l - 19. What is q(l)?
7
Let v(c) = 7*c**3 + 10*c**2 + 5. Let z(b) = 11*b**3 + 15*b**2 + 8. Let n(a) = -8*v(a) + 5*z(a). Calculate n(-4).
-16
Let p(h) = 1. Let q(d) = -2*d**2 + d. Let u(k) = 4*p(k) - q(k). Determine u(4).
32
Let h(v) = -2*v**2 - 5*v. Let d(z) = -2*z**2 + 1 - 2*z**2 + 3*z**2. Let s(w) = -d(w) + h(w). Let o(c) = -c - 2. Let l be o(3). What is s(l)?
-1
Let a(i) = i - 17. Let t(y) = -6*y + 60. Let h be t(10). Determine a(h).
-17
Let y(o) be the second derivative of o**4/12 + o**3/3 + 2*o**2 - 4*o. Determine y(-3).
7
Let z(y) = 0*y**3 - 4*y**2 + 10*y**2 + y**3 - 10*y**2. Give z(3).
-9
Let c(t) be the first derivative of -t**5/20 - 5*t**4/12 + 3*t**2 - 4*t - 5. Let x(l) be the first derivative of c(l). Calculate x(-5).
6
Let j(c) = c - 1. Let y(b) = b**2 - 6*b + 3. Let r(g) = -5*j(g) - y(g). Suppose -3*l - 9 = 0, 3*l = -8*n + 3*n - 19. Give r(n).
-4
Let b = -2 + 3. Let d(g) = -g - 11. Let u be d(-12). Let r(y) = -20*y + 11*y - u + 6*y. What is r(b)?
-4
Let a(m) = -550*m - m**2 - 10 + 4 + 558*m. What is a(5)?
9
Let h = 44 - 44. Let r(s) = -s**3 - s**2 + s - 6. Determine r(h).
-6
Let d = 5 - -2. Let s(n) = n**2 - d + 7 - 5 + 2*n. Give s(-5).
10
Let w(x) = -4*x. Let y be w(2). Let d(s) = s**2 + 9*s + 4. Let n be d(y). Let c(l) = l**3 + 4*l**2 - 2*l - 4. What is c(n)?
4
Let m(f) = f. Let h be ((-1)/((-6)/(-10)))/((-30)/108). Calculate m(h).
6
Let a be -3 + ((-2)/(-15) - (-754)/195). Let u(r) = -9*r - 4*r + 2*r. Give u(a).
-11
Let s = 36 - 24. Suppose 5*z - h - 2 = h, 2*z = -2*h + s. Let b(k) = 5 - z*k - 3 - k. Calculate b(2).
-4
Suppose -3*n = 2*n - 20. Let o(p) = -p + 3. Give o(n).
-1
Let g(m) = -m - 6. Suppose 0 = -2*d - 3*h - 16, 2*d - 7*h = -3*h - 2. Calculate g(d).
-1
Let o(h) = h**3 + 4*h**2 + 2*h + 3. Let v be 2*(5/2 - 4). Calculate o(v).
6
Let n(k) = -5*k**2 + 1. Let t(b) = -6*b**2 + b + 2. Let v(r) = 5*n(r) - 4*t(r). Give v(-5).
-8
Let z(j) = -10*j**3 - j**2 - j - 1. Let r(b) = b**3 + 8*b**2 - 7. Let w be r(-8). Let v = -8 - w. Determine z(v).
9
Suppose 3*k - 6 = 5*k. Let l = k - -4. Let j(p) be the first derivative of -p**4/4 + 2*p**3/3 + 5. Give j(l).
1
Let z(o) = o**3 - 10*o**2 + 11*o - 12. Suppose -t = -8 - 1. Let v be z(t). Let g(y) = y**3 - 6*y**2 - 4. Determine g(v).
-4
Let r = 4 + -3. Suppose -m = 3 - r. Let z be 2/m - (-2 - -4). Let b(w) = -w**2 - 2*w - 3. Give b(z).
-6
Let v(p) = 3*p**3 - 3*p**3 - 2*p + p**2 - p**3 + 3*p**2. Calculate v(3).
3
